{"id":224,"date":"2022-10-04T11:06:22","date_gmt":"2022-10-04T09:06:22","guid":{"rendered":"https:\/\/collegeguilhermy.wordpress.com\/?page_id=224"},"modified":"2022-10-18T22:00:08","modified_gmt":"2022-10-18T20:00:08","slug":"nos-actions","status":"publish","type":"page","link":"https:\/\/fcpe-college-sabineweiss.le-pic.org\/index.php\/nos-actions\/","title":{"rendered":"Nos actions"},"content":{"rendered":"\r\n<ul class=\"wp-block-list\">\r\n<li><strong>Remplacement des professeurs absents<\/strong><\/li>\r\n<\/ul>\r\n\r\n\r\n\r\n<p>Selon un rapport de l&rsquo;Inspection G\u00e9n\u00e9rale de l\u2019\u00c9ducation Nationale, chaque enfant perd une ann\u00e9e de scolarit\u00e9 lorsqu&rsquo;il fait la somme de toutes les heures de cours non assur\u00e9es\u2026 <a href=\"https:\/\/fcpe-college-sabineweiss.le-pic.org\/index.php\/remplacement-des-professeurs-absents\/\" data-type=\"URL\" data-id=\"https:\/\/fcpe-college-sabineweiss.le-pic.org\/index.php\/remplacement-des-professeurs-absents\/\">lire la suite <\/a><\/p>\r\n\r\n\r\n\r\n<ul class=\"wp-block-list\">\r\n<li><strong>Les ados et les \u00e9crans<\/strong><\/li>\r\n<\/ul>\r\n\r\n\r\n\r\n<p>Voici un document con\u00e7u par la FCPE pour aider les parents \u00e0 parler des bonnes pratiques du num\u00e9rique et des \u00e9crans avec leurs ados et conna\u00eetre les services et num\u00e9ros utiles\u2026 <a href=\"https:\/\/fcpe-college-sabineweiss.le-pic.org\/index.php\/les-ados-et-les-ecrans\/\" data-type=\"URL\" data-id=\"https:\/\/fcpe-college-sabineweiss.le-pic.org\/index.php\/les-ados-et-les-ecrans\/\">lire la suite <\/a><\/p>\r\n\r\n\r\n\r\n<ul class=\"wp-block-list\">\r\n<li><strong>Ecole inclusive<\/strong><\/li>\r\n<\/ul>\r\n\r\n\r\n\r\n<p><a href=\"https:\/\/fcpe-college-sabineweiss.le-pic.org\/index.php\/ecole-inclusive\/\" data-type=\"URL\" data-id=\"https:\/\/fcpe-college-sabineweiss.le-pic.org\/index.php\/ecole-inclusive\/\">lire la suite<\/a><\/p>\r\n<p>Depuis le d\u00e9but de l&rsquo;ann\u00e9e scolaire, les postes d&rsquo;AESH (Accompagnants d&rsquo;\u00e9l\u00e8ves en situation de handicap) ne sont pas pourvu. De plus, les Assistants d&rsquo;\u00e9ducation (AED) ne suffisent pas pour permettre de bonnes conditions pour les \u00e9l\u00e8ves. un courrier a \u00e9t\u00e9 envoy\u00e9 en ce sens.<\/p>\r\n\r\n\r\n\r\n<ul class=\"wp-block-list\">\r\n<li><strong>Les am\u00e9nagements et l&rsquo;accessibilit\u00e9 du coll\u00e8ge<\/strong><\/li>\r\n<\/ul>\r\n\r\n\r\n\r\n<p>Depuis l&rsquo;annonce de la construction de ce nouveau coll\u00e8ge, de nombreux parents et d\u00e9l\u00e9gations de parents d&rsquo;\u00e9l\u00e8ves \u0153uvrent aupr\u00e8s des institutions sur ces diff\u00e9rents sujets\u2026 <a href=\"https:\/\/fcpe-college-sabineweiss.le-pic.org\/index.php\/les-amenagements-et-laccessibilite-du-college\/\" data-type=\"URL\" data-id=\"https:\/\/fcpe-college-sabineweiss.le-pic.org\/index.php\/les-amenagements-et-laccessibilite-du-college\/\">lire la suite <\/a><\/p>\r\n\r\n\r\n\r\n\r\n\r\n<p>&nbsp;<\/p>\r\n","protected":false},"excerpt":{"rendered":"<p>Remplacement des professeurs absents Selon un rapport de l&rsquo;Inspection G\u00e9n\u00e9rale de l\u2019\u00c9ducation Nationale, chaque enfant perd une ann\u00e9e de scolarit\u00e9 lorsqu&rsquo;il fait la somme de toutes les heures de cours non assur\u00e9es\u2026 lire la suite Les ados et les \u00e9crans Voici un document con\u00e7u par la FCPE pour aider les parents \u00e0 parler des bonnes [&hellip;]<\/p>\n","protected":false},"author":2,"featured_media":0,"parent":0,"menu_order":0,"comment_status":"closed","ping_status":"closed","template":"","meta":{"footnotes":""},"class_list":["post-224","page","type-page","status-publish","hentry"],"yoast_head":"<!-- This site is optimized with the Yoast SEO plugin v27.4 - https:\/\/yoast.com\/product\/yoast-seo-wordpress\/ -->\n<title>Nos actions - FCPE Coll\u00e8ge Sabine Weiss Toulouse<\/title>\n<meta name=\"robots\" content=\"index, follow, max-snippet:-1, max-image-preview:large, max-video-preview:-1\" \/>\n<link rel=\"canonical\" href=\"https:\/\/fcpe-college-sabineweiss.le-pic.org\/index.php\/nos-actions\/\" \/>\n<meta property=\"og:locale\" content=\"fr_FR\" \/>\n<meta property=\"og:type\" content=\"article\" \/>\n<meta property=\"og:title\" content=\"Nos actions - FCPE Coll\u00e8ge Sabine Weiss Toulouse\" \/>\n<meta property=\"og:description\" content=\"Remplacement des professeurs absents Selon un rapport de l&rsquo;Inspection G\u00e9n\u00e9rale de l\u2019\u00c9ducation Nationale, chaque enfant perd une ann\u00e9e de scolarit\u00e9 lorsqu&rsquo;il fait la somme de toutes les heures de cours non assur\u00e9es\u2026 lire la suite Les ados et les \u00e9crans Voici un document con\u00e7u par la FCPE pour aider les parents \u00e0 parler des bonnes [&hellip;]\" \/>\n<meta property=\"og:url\" content=\"https:\/\/fcpe-college-sabineweiss.le-pic.org\/index.php\/nos-actions\/\" \/>\n<meta property=\"og:site_name\" content=\"FCPE Coll\u00e8ge Sabine Weiss Toulouse\" \/>\n<meta property=\"article:publisher\" content=\"https:\/\/www.facebook.com\/groups\/collegeguilhermy\" \/>\n<meta property=\"article:modified_time\" content=\"2022-10-18T20:00:08+00:00\" \/>\n<meta property=\"og:image\" content=\"https:\/\/fcpe-college-sabineweiss.le-pic.org\/wp-content\/uploads\/2022\/10\/cropped-banniere-site-internet-3.png\" \/>\n\t<meta property=\"og:image:width\" content=\"960\" \/>\n\t<meta property=\"og:image:height\" content=\"250\" \/>\n\t<meta property=\"og:image:type\" content=\"image\/png\" \/>\n<meta name=\"twitter:card\" content=\"summary_large_image\" \/>\n<meta name=\"twitter:label1\" content=\"Dur\u00e9e de lecture estim\u00e9e\" \/>\n\t<meta name=\"twitter:data1\" content=\"1 minute\" \/>\n<script type=\"application\/ld+json\" class=\"yoast-schema-graph\">{\"@context\":\"https:\\\/\\\/schema.org\",\"@graph\":[{\"@type\":\"WebPage\",\"@id\":\"https:\\\/\\\/fcpe-college-sabineweiss.le-pic.org\\\/index.php\\\/nos-actions\\\/\",\"url\":\"https:\\\/\\\/fcpe-college-sabineweiss.le-pic.org\\\/index.php\\\/nos-actions\\\/\",\"name\":\"Nos actions - FCPE Coll\u00e8ge Sabine Weiss Toulouse\",\"isPartOf\":{\"@id\":\"https:\\\/\\\/fcpe-college-sabineweiss.le-pic.org\\\/#website\"},\"datePublished\":\"2022-10-04T09:06:22+00:00\",\"dateModified\":\"2022-10-18T20:00:08+00:00\",\"breadcrumb\":{\"@id\":\"https:\\\/\\\/fcpe-college-sabineweiss.le-pic.org\\\/index.php\\\/nos-actions\\\/#breadcrumb\"},\"inLanguage\":\"fr-FR\",\"potentialAction\":[{\"@type\":\"ReadAction\",\"target\":[\"https:\\\/\\\/fcpe-college-sabineweiss.le-pic.org\\\/index.php\\\/nos-actions\\\/\"]}]},{\"@type\":\"BreadcrumbList\",\"@id\":\"https:\\\/\\\/fcpe-college-sabineweiss.le-pic.org\\\/index.php\\\/nos-actions\\\/#breadcrumb\",\"itemListElement\":[{\"@type\":\"ListItem\",\"position\":1,\"name\":\"Accueil\",\"item\":\"https:\\\/\\\/fcpe-college-sabineweiss.le-pic.org\\\/\"},{\"@type\":\"ListItem\",\"position\":2,\"name\":\"Nos actions\"}]},{\"@type\":\"WebSite\",\"@id\":\"https:\\\/\\\/fcpe-college-sabineweiss.le-pic.org\\\/#website\",\"url\":\"https:\\\/\\\/fcpe-college-sabineweiss.le-pic.org\\\/\",\"name\":\"FCPE Coll\u00e8ge Sabine Weiss Toulouse\",\"description\":\"Agir, informer et repr\u00e9senter les parents d&#039;\u00e9l\u00e8ves du coll\u00e8ge Sabine Weiss de Toulouse (ex-Guilhermy)\",\"publisher\":{\"@id\":\"https:\\\/\\\/fcpe-college-sabineweiss.le-pic.org\\\/#organization\"},\"potentialAction\":[{\"@type\":\"SearchAction\",\"target\":{\"@type\":\"EntryPoint\",\"urlTemplate\":\"https:\\\/\\\/fcpe-college-sabineweiss.le-pic.org\\\/?s={search_term_string}\"},\"query-input\":{\"@type\":\"PropertyValueSpecification\",\"valueRequired\":true,\"valueName\":\"search_term_string\"}}],\"inLanguage\":\"fr-FR\"},{\"@type\":\"Organization\",\"@id\":\"https:\\\/\\\/fcpe-college-sabineweiss.le-pic.org\\\/#organization\",\"name\":\"FCPE Coll\u00e8ge Sabine Weiss Toulouse\",\"url\":\"https:\\\/\\\/fcpe-college-sabineweiss.le-pic.org\\\/\",\"logo\":{\"@type\":\"ImageObject\",\"inLanguage\":\"fr-FR\",\"@id\":\"https:\\\/\\\/fcpe-college-sabineweiss.le-pic.org\\\/#\\\/schema\\\/logo\\\/image\\\/\",\"url\":\"https:\\\/\\\/fcpe-college-sabineweiss.le-pic.org\\\/wp-content\\\/uploads\\\/2022\\\/10\\\/College.png\",\"contentUrl\":\"https:\\\/\\\/fcpe-college-sabineweiss.le-pic.org\\\/wp-content\\\/uploads\\\/2022\\\/10\\\/College.png\",\"width\":500,\"height\":500,\"caption\":\"FCPE Coll\u00e8ge Sabine Weiss Toulouse\"},\"image\":{\"@id\":\"https:\\\/\\\/fcpe-college-sabineweiss.le-pic.org\\\/#\\\/schema\\\/logo\\\/image\\\/\"},\"sameAs\":[\"https:\\\/\\\/www.facebook.com\\\/groups\\\/collegeguilhermy\"]}]}<\/script>\n<!-- \/ Yoast SEO plugin. -->","yoast_head_json":{"title":"Nos actions - FCPE Coll\u00e8ge Sabine Weiss Toulouse","robots":{"index":"index","follow":"follow","max-snippet":"max-snippet:-1","max-image-preview":"max-image-preview:large","max-video-preview":"max-video-preview:-1"},"canonical":"https:\/\/fcpe-college-sabineweiss.le-pic.org\/index.php\/nos-actions\/","og_locale":"fr_FR","og_type":"article","og_title":"Nos actions - FCPE Coll\u00e8ge Sabine Weiss Toulouse","og_description":"Remplacement des professeurs absents Selon un rapport de l&rsquo;Inspection G\u00e9n\u00e9rale de l\u2019\u00c9ducation Nationale, chaque enfant perd une ann\u00e9e de scolarit\u00e9 lorsqu&rsquo;il fait la somme de toutes les heures de cours non assur\u00e9es\u2026 lire la suite Les ados et les \u00e9crans Voici un document con\u00e7u par la FCPE pour aider les parents \u00e0 parler des bonnes [&hellip;]","og_url":"https:\/\/fcpe-college-sabineweiss.le-pic.org\/index.php\/nos-actions\/","og_site_name":"FCPE Coll\u00e8ge Sabine Weiss Toulouse","article_publisher":"https:\/\/www.facebook.com\/groups\/collegeguilhermy","article_modified_time":"2022-10-18T20:00:08+00:00","og_image":[{"width":960,"height":250,"url":"https:\/\/fcpe-college-sabineweiss.le-pic.org\/wp-content\/uploads\/2022\/10\/cropped-banniere-site-internet-3.png","type":"image\/png"}],"twitter_card":"summary_large_image","twitter_misc":{"Dur\u00e9e de lecture estim\u00e9e":"1 minute"},"schema":{"@context":"https:\/\/schema.org","@graph":[{"@type":"WebPage","@id":"https:\/\/fcpe-college-sabineweiss.le-pic.org\/index.php\/nos-actions\/","url":"https:\/\/fcpe-college-sabineweiss.le-pic.org\/index.php\/nos-actions\/","name":"Nos actions - FCPE Coll\u00e8ge Sabine Weiss Toulouse","isPartOf":{"@id":"https:\/\/fcpe-college-sabineweiss.le-pic.org\/#website"},"datePublished":"2022-10-04T09:06:22+00:00","dateModified":"2022-10-18T20:00:08+00:00","breadcrumb":{"@id":"https:\/\/fcpe-college-sabineweiss.le-pic.org\/index.php\/nos-actions\/#breadcrumb"},"inLanguage":"fr-FR","potentialAction":[{"@type":"ReadAction","target":["https:\/\/fcpe-college-sabineweiss.le-pic.org\/index.php\/nos-actions\/"]}]},{"@type":"BreadcrumbList","@id":"https:\/\/fcpe-college-sabineweiss.le-pic.org\/index.php\/nos-actions\/#breadcrumb","itemListElement":[{"@type":"ListItem","position":1,"name":"Accueil","item":"https:\/\/fcpe-college-sabineweiss.le-pic.org\/"},{"@type":"ListItem","position":2,"name":"Nos actions"}]},{"@type":"WebSite","@id":"https:\/\/fcpe-college-sabineweiss.le-pic.org\/#website","url":"https:\/\/fcpe-college-sabineweiss.le-pic.org\/","name":"FCPE Coll\u00e8ge Sabine Weiss Toulouse","description":"Agir, informer et repr\u00e9senter les parents d&#039;\u00e9l\u00e8ves du coll\u00e8ge Sabine Weiss de Toulouse (ex-Guilhermy)","publisher":{"@id":"https:\/\/fcpe-college-sabineweiss.le-pic.org\/#organization"},"potentialAction":[{"@type":"SearchAction","target":{"@type":"EntryPoint","urlTemplate":"https:\/\/fcpe-college-sabineweiss.le-pic.org\/?s={search_term_string}"},"query-input":{"@type":"PropertyValueSpecification","valueRequired":true,"valueName":"search_term_string"}}],"inLanguage":"fr-FR"},{"@type":"Organization","@id":"https:\/\/fcpe-college-sabineweiss.le-pic.org\/#organization","name":"FCPE Coll\u00e8ge Sabine Weiss Toulouse","url":"https:\/\/fcpe-college-sabineweiss.le-pic.org\/","logo":{"@type":"ImageObject","inLanguage":"fr-FR","@id":"https:\/\/fcpe-college-sabineweiss.le-pic.org\/#\/schema\/logo\/image\/","url":"https:\/\/fcpe-college-sabineweiss.le-pic.org\/wp-content\/uploads\/2022\/10\/College.png","contentUrl":"https:\/\/fcpe-college-sabineweiss.le-pic.org\/wp-content\/uploads\/2022\/10\/College.png","width":500,"height":500,"caption":"FCPE Coll\u00e8ge Sabine Weiss Toulouse"},"image":{"@id":"https:\/\/fcpe-college-sabineweiss.le-pic.org\/#\/schema\/logo\/image\/"},"sameAs":["https:\/\/www.facebook.com\/groups\/collegeguilhermy"]}]}},"_links":{"self":[{"href":"https:\/\/fcpe-college-sabineweiss.le-pic.org\/index.php\/wp-json\/wp\/v2\/pages\/224","targetHints":{"allow":["GET"]}}],"collection":[{"href":"https:\/\/fcpe-college-sabineweiss.le-pic.org\/index.php\/wp-json\/wp\/v2\/pages"}],"about":[{"href":"https:\/\/fcpe-college-sabineweiss.le-pic.org\/index.php\/wp-json\/wp\/v2\/types\/page"}],"author":[{"embeddable":true,"href":"https:\/\/fcpe-college-sabineweiss.le-pic.org\/index.php\/wp-json\/wp\/v2\/users\/2"}],"replies":[{"embeddable":true,"href":"https:\/\/fcpe-college-sabineweiss.le-pic.org\/index.php\/wp-json\/wp\/v2\/comments?post=224"}],"version-history":[{"count":7,"href":"https:\/\/fcpe-college-sabineweiss.le-pic.org\/index.php\/wp-json\/wp\/v2\/pages\/224\/revisions"}],"predecessor-version":[{"id":705,"href":"https:\/\/fcpe-college-sabineweiss.le-pic.org\/index.php\/wp-json\/wp\/v2\/pages\/224\/revisions\/705"}],"wp:attachment":[{"href":"https:\/\/fcpe-college-sabineweiss.le-pic.org\/index.php\/wp-json\/wp\/v2\/media?parent=224"}],"curies":[{"name":"wp","href":"https:\/\/api.w.org\/{rel}","templated":true}]}}

<ul class="wp-block-list">
<li><strong>Remplacement des professeurs absents</strong></li>
</ul>



<p>Selon un rapport de l&rsquo;Inspection Générale de l’Éducation Nationale, chaque enfant perd une année de scolarité lorsqu&rsquo;il fait la somme de toutes les heures de cours non assurées… <a href="https://fcpe-college-sabineweiss.le-pic.org/index.php/remplacement-des-professeurs-absents/" data-type="URL" data-id="https://fcpe-college-sabineweiss.le-pic.org/index.php/remplacement-des-professeurs-absents/">lire la suite </a></p>



<ul class="wp-block-list">
<li><strong>Les ados et les écrans</strong></li>
</ul>



<p>Voici un document conçu par la FCPE pour aider les parents à parler des bonnes pratiques du numérique et des écrans avec leurs ados et connaître les services et numéros utiles… <a href="https://fcpe-college-sabineweiss.le-pic.org/index.php/les-ados-et-les-ecrans/" data-type="URL" data-id="https://fcpe-college-sabineweiss.le-pic.org/index.php/les-ados-et-les-ecrans/">lire la suite </a></p>



<ul class="wp-block-list">
<li><strong>Ecole inclusive</strong></li>
</ul>



<p><a href="https://fcpe-college-sabineweiss.le-pic.org/index.php/ecole-inclusive/" data-type="URL" data-id="https://fcpe-college-sabineweiss.le-pic.org/index.php/ecole-inclusive/">lire la suite</a></p>
<p>Depuis le début de l&rsquo;année scolaire, les postes d&rsquo;AESH (Accompagnants d&rsquo;élèves en situation de handicap) ne sont pas pourvu. De plus, les Assistants d&rsquo;éducation (AED) ne suffisent pas pour permettre de bonnes conditions pour les élèves. un courrier a été envoyé en ce sens.</p>



<ul class="wp-block-list">
<li><strong>Les aménagements et l&rsquo;accessibilité du collège</strong></li>
</ul>



<p>Depuis l&rsquo;annonce de la construction de ce nouveau collège, de nombreux parents et délégations de parents d&rsquo;élèves œuvrent auprès des institutions sur ces différents sujets… <a href="https://fcpe-college-sabineweiss.le-pic.org/index.php/les-amenagements-et-laccessibilite-du-college/" data-type="URL" data-id="https://fcpe-college-sabineweiss.le-pic.org/index.php/les-amenagements-et-laccessibilite-du-college/">lire la suite </a></p>





<p>&nbsp;</p>

<p>Remplacement des professeurs absents Selon un rapport de l&rsquo;Inspection Générale de l’Éducation Nationale, chaque enfant perd une année de scolarité lorsqu&rsquo;il fait la somme de toutes les heures de cours non assurées… lire la suite Les ados et les écrans Voici un document conçu par la FCPE pour aider les parents à parler des bonnes [&hellip;]</p>

<!-- This site is optimized with the Yoast SEO plugin v27.4 - https://yoast.com/product/yoast-seo-wordpress/ -->
<title>Nos actions - FCPE Collège Sabine Weiss Toulouse</title>
<meta name="robots" content="index, follow, max-snippet:-1, max-image-preview:large, max-video-preview:-1" />
<link rel="canonical" href="https://fcpe-college-sabineweiss.le-pic.org/index.php/nos-actions/" />
<meta property="og:locale" content="fr_FR" />
<meta property="og:type" content="article" />
<meta property="og:title" content="Nos actions - FCPE Collège Sabine Weiss Toulouse" />
<meta property="og:description" content="Remplacement des professeurs absents Selon un rapport de l&rsquo;Inspection Générale de l’Éducation Nationale, chaque enfant perd une année de scolarité lorsqu&rsquo;il fait la somme de toutes les heures de cours non assurées… lire la suite Les ados et les écrans Voici un document conçu par la FCPE pour aider les parents à parler des bonnes [&hellip;]" />
<meta property="og:url" content="https://fcpe-college-sabineweiss.le-pic.org/index.php/nos-actions/" />
<meta property="og:site_name" content="FCPE Collège Sabine Weiss Toulouse" />
<meta property="article:publisher" content="https://www.facebook.com/groups/collegeguilhermy" />
<meta property="article:modified_time" content="2022-10-18T20:00:08+00:00" />
<meta property="og:image" content="https://fcpe-college-sabineweiss.le-pic.org/wp-content/uploads/2022/10/cropped-banniere-site-internet-3.png" />
	<meta property="og:image:width" content="960" />
	<meta property="og:image:height" content="250" />
	<meta property="og:image:type" content="image/png" />
<meta name="twitter:card" content="summary_large_image" />
<meta name="twitter:label1" content="Durée de lecture estimée" />
	<meta name="twitter:data1" content="1 minute" />
<script type="application/ld+json" class="yoast-schema-graph">{"@context":"https:\/\/schema.org","@graph":[{"@type":"WebPage","@id":"https:\/\/fcpe-college-sabineweiss.le-pic.org\/index.php\/nos-actions\/","url":"https:\/\/fcpe-college-sabineweiss.le-pic.org\/index.php\/nos-actions\/","name":"Nos actions - FCPE Collège Sabine Weiss Toulouse","isPartOf":{"@id":"https:\/\/fcpe-college-sabineweiss.le-pic.org\/#website"},"datePublished":"2022-10-04T09:06:22+00:00","dateModified":"2022-10-18T20:00:08+00:00","breadcrumb":{"@id":"https:\/\/fcpe-college-sabineweiss.le-pic.org\/index.php\/nos-actions\/#breadcrumb"},"inLanguage":"fr-FR","potentialAction":[{"@type":"ReadAction","target":["https:\/\/fcpe-college-sabineweiss.le-pic.org\/index.php\/nos-actions\/"]}]},{"@type":"BreadcrumbList","@id":"https:\/\/fcpe-college-sabineweiss.le-pic.org\/index.php\/nos-actions\/#breadcrumb","itemListElement":[{"@type":"ListItem","position":1,"name":"Accueil","item":"https:\/\/fcpe-college-sabineweiss.le-pic.org\/"},{"@type":"ListItem","position":2,"name":"Nos actions"}]},{"@type":"WebSite","@id":"https:\/\/fcpe-college-sabineweiss.le-pic.org\/#website","url":"https:\/\/fcpe-college-sabineweiss.le-pic.org\/","name":"FCPE Collège Sabine Weiss Toulouse","description":"Agir, informer et représenter les parents d&#039;élèves du collège Sabine Weiss de Toulouse (ex-Guilhermy)","publisher":{"@id":"https:\/\/fcpe-college-sabineweiss.le-pic.org\/#organization"},"potentialAction":[{"@type":"SearchAction","target":{"@type":"EntryPoint","urlTemplate":"https:\/\/fcpe-college-sabineweiss.le-pic.org\/?s={search_term_string}"},"query-input":{"@type":"PropertyValueSpecification","valueRequired":true,"valueName":"search_term_string"}}],"inLanguage":"fr-FR"},{"@type":"Organization","@id":"https:\/\/fcpe-college-sabineweiss.le-pic.org\/#organization","name":"FCPE Collège Sabine Weiss Toulouse","url":"https:\/\/fcpe-college-sabineweiss.le-pic.org\/","logo":{"@type":"ImageObject","inLanguage":"fr-FR","@id":"https:\/\/fcpe-college-sabineweiss.le-pic.org\/#\/schema\/logo\/image\/","url":"https:\/\/fcpe-college-sabineweiss.le-pic.org\/wp-content\/uploads\/2022\/10\/College.png","contentUrl":"https:\/\/fcpe-college-sabineweiss.le-pic.org\/wp-content\/uploads\/2022\/10\/College.png","width":500,"height":500,"caption":"FCPE Collège Sabine Weiss Toulouse"},"image":{"@id":"https:\/\/fcpe-college-sabineweiss.le-pic.org\/#\/schema\/logo\/image\/"},"sameAs":["https:\/\/www.facebook.com\/groups\/collegeguilhermy"]}]}</script>
<!-- / Yoast SEO plugin. -->

Nos actions - FCPE Collège Sabine Weiss Toulouse

Remplacement des professeurs absents Selon un rapport de l&rsquo;Inspection Générale de l’Éducation Nationale, chaque enfant perd une année de scolarité lorsqu&rsquo;il fait la somme de toutes les heures de cours non assurées… lire la suite Les ados et les écrans Voici un document conçu par la FCPE pour aider les parents à parler des bonnes [&hellip;]

FCPE Collège Sabine Weiss Toulouse

Agir, informer et représenter les parents d&#039;élèves du collège Sabine Weiss de Toulouse (ex-Guilhermy)
